test common factor of 2586 and 1923122.
862
Calculate the greatest common factor of 108944 and 528.
176
What is the greatest common divisor of 101866 and 1272?
106
Calculate the greatest common factor of 41875 and 10.
5
Calculate the highest common divisor of 45768 and 3.
3
Calculate the highest common factor of 1205 and 723.
241
Calculate the highest common divisor of 1013 and 387979.
1013
What is the greatest common divisor of 40 and 341416?
8
What is the greatest common divisor of 13 and 3110484?
13
What is the greatest common divisor of 27748 and 84?
28
Calculate the highest common factor of 3 and 6536.
1
Calculate the greatest common divisor of 3782 and 806.
62
Calculate the greatest common factor of 32007 and 987.
141
What is the highest common divisor of 5191 and 895?
179
What is the highest common divisor of 34655 and 15?
5
What is the greatest common factor of 163685 and 247?
19
What is the greatest common divisor of 1653740 and 440?
220
Calculate the greatest common factor of 1396 and 100.
4
What is the highest common divisor of 2040 and 5130?
30
What is the highest common factor of 3816 and 9034380?
1908
What is the greatest common divisor of 1079171 and 86?
43
Calculate the greatest common divisor of 1096382 and 8946.
994
What is the greatest common divisor of 6976 and 1952?
32
What is the highest common divisor of 444232 and 24?
8
Calculate the greatest common factor of 13 and 1361139.
13
Calculate the highest common divisor of 2215 and 904606.
443
What is the highest common divisor of 46068 and 220?
44
Calculate the greatest common factor of 92 and 37030.
46
Calculate the greatest common factor of 14 and 4226.
2
Calculate the greatest common divisor of 15756612 and 876.
876
Calculate the greatest common factor of 13008 and 10.
2
Calculate the highest common divisor of 1236 and 16405428.
1236
Calculate the highest common divisor of 34080 and 128155.
355
Calculate the highest common factor of 118 and 2720608.
118
Calculate the highest common factor of 238 and 150542.
14
Calculate the highest common divisor of 4947 and 12513.
291
Calculate the highest common divisor of 229121 and 1178.
589
Calculate the highest common divisor of 10976 and 7168.
224
Calculate the highest common divisor of 295498 and 42.
14
Calculate the highest common factor of 494 and 15288.
26
Calculate the greatest common factor of 219 and 60736.
73
Calculate the highest common factor of 108 and 524.
4
What is the highest common factor of 513 and 36423?
513
Calculate the greatest common divisor of 550 and 5050.
50
Calculate the highest common divisor of 1407 and 78323.
469
What is the greatest common factor of 564 and 263811?
141
Calculate the greatest common factor of 242749 and 7101.
263
What is the greatest common divisor of 25 and 66325?
25
What is the greatest common factor of 1398 and 660?
6
Calculate the greatest common divisor of 544 and 3456.
32
What is the highest common factor of 239932 and 28?
28
What is the highest common divisor of 594 and 1971?
27
Calculate the greatest common factor of 860 and 602.
86
Calculate the greatest common factor of 620 and 12010.
10
What is the greatest common divisor of 435 and 396720?
435
Calculate the greatest common factor of 3816 and 456.
24
Calculate the highest common divisor of 816 and 104992.
272
What is the highest common divisor of 104798 and 4880?
122
Calculate the highest common factor of 341 and 171523.
341
Calculate the greatest common divisor of 46552 and 33.
11
Calculate the greatest common factor of 90468 and 4914.
126
Calculate the highest common divisor of 6888 and 3171.
21
What is the highest common factor of 49996 and 580?
116
Calculate the greatest common factor of 1673463 and 57.
57
Calculate the highest common divisor of 464 and 269296.
16
Calculate the highest common factor of 16624 and 1469146.
2078
Calculate the greatest common divisor of 3614 and 32630.
26
What is the highest common factor of 344 and 17527144?
344
Calculate the greatest common factor of 6751 and 30444.
43
What is the greatest common divisor of 19936 and 1602?
178
What is the greatest common factor of 1036 and 2332?
4
What is the highest common divisor of 16920 and 110?
10
What is the greatest common factor of 2461 and 782?
23
Calculate the highest common factor of 6248 and 484.
44
What is the greatest common divisor of 9701 and 712?
89
Calculate the greatest common divisor of 1540 and 113740.
220
Calculate the highest common factor of 54012 and 168.
84
What is the highest common divisor of 324 and 444672?
36
What is the highest common divisor of 696 and 8426472?
696
What is the highest common factor of 872 and 3635804?
436
Calculate the highest common factor of 59491 and 492.
41
What is the greatest common factor of 263 and 430531?
263
Calculate the highest common divisor of 3219 and 111.
111
Calculate the greatest common divisor of 13705 and 5.
5
What is the highest common factor of 1680 and 8940?
60
What is the highest common factor of 20 and 1456910?
10
What is the highest common factor of 1056 and 264?
264
What is the greatest common divisor of 25568 and 153?
17
What is the highest common factor of 14 and 694610?
14
What is the greatest common factor of 344199 and 4764?
1191
What is the highest common factor of 344927 and 55?
11
Calculate the greatest common factor of 14 and 856198.
14
What is the greatest common factor of 53436 and 36?
12
What is the highest common divisor of 30 and 496870?
10
Calculate the greatest common factor of 1110 and 35150.
370
What is the greatest common factor of 3661 and 1?
1
Calculate the greatest common factor of 13872 and 56.
8
What is the highest common factor of 99585 and 180?
45
Calculate the greatest common divisor of 36916 and 352.
44
What is the greatest common divisor of 98981 and 3?
1
What is the highest common factor of 6216 and 547896?
888
Calculate the greatest common factor of 112 and 864.
16
Calculate the greatest common divisor of 45 and 8345.
5
Calculate the greatest common factor of 2765 and 1715.
35
What is the highest common divisor of 889 and 413?
7
Calculate the greatest common divisor of 1080 and 5064.
24
What is the greatest common divisor of 37152 and 324?
108
What is the greatest common divisor of 47040 and 2310?
210
What is the greatest common divisor of 602 and 787717?
301
What is the highest common factor of 19272 and 23436?
12
What is the highest common divisor of 38448 and 261126?
1602
What is the greatest common factor of 325875 and 1422?
237
Calculate the highest common factor of 713 and 1457.
31
What is the greatest common divisor of 8272 and 17776?
176
Calculate the greatest common divisor of 24686 and 10.
2
What is the greatest common divisor of 1351988 and 22?
22
What is the greatest common factor of 37513 and 13685?
161
Calculate the greatest common divisor of 5621 and 789349.
803
What is the highest common factor of 252 and 257376?
84
Calculate the greatest common divisor of 88995 and 60.
15
Calculate the highest common divisor of 1358943 and 3879.
1293
What is the greatest common factor of 85 and 5695?
85
What is the highest common divisor of 22203 and 27?
9
What is the greatest common divisor of 256045 and 820?
205
Calculate the highest common factor of 3600 and 62028.
36
What is the greatest common factor of 412 and 24?
4
Calculate the highest common factor of 11408 and 4784.
368
Calculate the greatest common divisor of 60858 and 216.
54
What is the greatest common factor of 388710 and 6930?
630
Calculate the highest common divisor of 19729 and 543.
181
What is the greatest common divisor of 39 and 3627?
39
Calculate the highest common divisor of 20519 and 160973.
289
Calculate the greatest common factor of 68 and 15304.
4
What is the highest common divisor of 62673 and 39?
39
Calculate the highest common factor of 291 and 12125.
97
What is the greatest common factor of 21044 and 16?
4
Calculate the greatest common factor of 7160890 and 22.
22
Calculate the highest common factor of 369 and 48690.
9
Calculate the highest common factor of 11656 and 1363.
47
Calculate the greatest common divisor of 263442 and 12.
6
Calculate the greatest common factor of 27371 and 8401.
271
Calculate the highest common divisor of 136 and 5848.
136
What is the greatest